the remainder when 74121 is divided by 73698?
423
What is the remainder when 21820 is divided by 14?
8
What is the remainder when 53529 is divided by 5819?
1158
What is the remainder when 190559 is divided by 190510?
49
What is the remainder when 995228 is divided by 12?
8
Calculate the remainder when 990130 is divided by 1223.
723
Calculate the remainder when 151438 is divided by 255.
223
Calculate the remainder when 348938 is divided by 348934.
4
Calculate the remainder when 148278 is divided by 246.
186
What is the remainder when 11009350 is divided by 5951?
0
What is the remainder when 507274 is divided by 1098?
1096
Calculate the remainder when 2834644 is divided by 514.
448
Calculate the remainder when 7378766 is divided by 6.
2
What is the remainder when 509788 is divided by 2038?
288
What is the remainder when 46023812 is divided by 2474?
2464
Calculate the remainder when 4244963 is divided by 1895.
163
Calculate the remainder when 690021 is divided by 16829.
32
What is the remainder when 17627491 is divided by 104?
11
What is the remainder when 1161732 is divided by 1393?
1363
What is the remainder when 18532525 is divided by 500?
25
What is the remainder when 9944842 is divided by 84?
82
What is the remainder when 1000484741 is divided by 6?
5
Calculate the remainder when 1250082 is divided by 5.
2
Calculate the remainder when 8263 is divided by 5014.
3249
Calculate the remainder when 4755475 is divided by 297217.
3
What is the remainder when 9258963 is divided by 115737?
3
Calculate the remainder when 13599549 is divided by 2075.
2074
Calculate the remainder when 189049 is divided by 1915.
1379
What is the remainder when 13505 is divided by 3643?
2576
What is the remainder when 1194248 is divided by 532?
440
Calculate the remainder when 258209 is divided by 382.
359
What is the remainder when 2529856 is divided by 1067?
1066
What is the remainder when 92596 is divided by 92464?
132
What is the remainder when 133046 is divided by 44310?
116
What is the remainder when 6349799 is divided by 186757?
61
Calculate the remainder when 18993580 is divided by 5208.
4
Calculate the remainder when 365907 is divided by 679.
605
Calculate the remainder when 15453 is divided by 2422.
921
What is the remainder when 118788 is divided by 11878?
8
What is the remainder when 30685872 is divided by 825?
822
Calculate the remainder when 133353 is divided by 6745.
5198
Calculate the remainder when 2250607 is divided by 518.
415
Calculate the remainder when 32097 is divided by 470.
137
What is the remainder when 65946270 is divided by 175?
145
Calculate the remainder when 87912 is divided by 10601.
3104
Calculate the remainder when 631907934 is divided by 236.
234
What is the remainder when 1056579 is divided by 22?
7
What is the remainder when 3446095 is divided by 246149?
9
Calculate the remainder when 737652 is divided by 81959.
21
What is the remainder when 332383 is divided by 13?
12
Calculate the remainder when 15652 is divided by 3129.
7
Calculate the remainder when 4038618 is divided by 28642.
96
What is the remainder when 3442370 is divided by 6763?
3
What is the remainder when 4239876 is divided by 35331?
156
What is the remainder when 22920 is divided by 5447?
1132
What is the remainder when 347528 is divided by 3074?
166
Calculate the remainder when 34573375 is divided by 79479.
10
What is the remainder when 758042 is divided by 1525?
117
What is the remainder when 413933560 is divided by 1074?
1072
What is the remainder when 94833 is divided by 29578?
6099
What is the remainder when 44910031 is divided by 38?
35
What is the remainder when 2522895 is divided by 25?
20
What is the remainder when 1331156 is divided by 443700?
56
Calculate the remainder when 7888 is divided by 1939.
132
What is the remainder when 2679071 is divided by 728?
31
Calculate the remainder when 1287342 is divided by 6469.
11
What is the remainder when 320499 is divided by 1068?
99
What is the remainder when 4448808 is divided by 1270?
1268
What is the remainder when 18543 is divided by 2250?
543
Calculate the remainder when 1287675 is divided by 643815.
45
Calculate the remainder when 5568068 is divided by 1488.
1460
Calculate the remainder when 15633475 is divided by 12783.
12649
What is the remainder when 7751127 is divided by 82?
77
What is the remainder when 1347815 is divided by 640?
615
What is the remainder when 508623 is divided by 1620?
1563
What is the remainder when 857054 is divided by 1280?
734
What is the remainder when 707225 is divided by 723?
131
Calculate the remainder when 142113534 is divided by 429.
420
What is the remainder when 21885647 is divided by 46075?
22
Calculate the remainder when 94870 is divided by 18806.
840
What is the remainder when 1718352 is divided by 29?
15
What is the remainder when 361868 is divided by 210?
38
What is the remainder when 31200 is divided by 577?
42
What is the remainder when 8084 is divided by 70?
34
Calculate the remainder when 267832223 is divided by 27.
26
What is the remainder when 1771990 is divided by 885608?
774
Calculate the remainder when 215401436 is divided by 37.
16
What is the remainder when 6815 is divided by 3395?
25
Calculate the remainder when 1379630 is divided by 154.
98
Calculate the remainder when 23951 is divided by 11950.
51
What is the remainder when 7210250 is divided by 450604?
586
What is the remainder when 492863676 is divided by 37?
33
Calculate the remainder when 13705533 is divided by 136.
133
What is the remainder when 4057006 is divided by 1507?
162
Calculate the remainder when 1930703 is divided by 57.
56
What is the remainder when 42236423 is divided by 4871?
4853
Calculate the remainder when 61864235 is divided by 567.
566
What is the remainder when 1427734 is divided by 8?
6
Calculate the remainder when 288694 is divided by 1437.
1294
Calculate the remainder when 296123 is divided by 291419.
4704
What is the remainder when 206632 is divided by 68877?
1
Calculate the remainder when 47315373 is divided by 109.
108
What is the remainder when 129822395 is divided by 439?
437
What is the remainder when 10961935 is divided by 343?
341
Calculate the remainder when 1749972 is divided by 75.
72
Calculate the remainder when 128786 is divided by 1551.
53
What is the remainder when 24346500 is divided by 439?
438
Calculate the remainder when 402493 is divided by 780.
13
What is the remainder when 56435 is divided by 1193?
364
Calculate the remainder when 276335 is divided by 3070.
35
Calculate the remainder when 91158 is divided by 265.
263
Calculate the remainder when 274686 is divided by 274595.
91
What is the remainder when 1716612 is divided by 19731?
15
What is the remainder when 289245 is divided by 17014?
7
Calculate the remainder when 322986 is divided by 2563.
48
What is the remainder when 236833 is divided by 2368?
33
Calculate the remainder when 213232695 is divided by 21.
18
Calculate the remainder when 17483 is divided by 1029.
1019
Calculate the remainder when 354620 is divided by 289.
17
What is the remainder when 223675 is divided by 1264?
1211
What is the remainder when 258259070 is divided by 176?
14
Calculate the remainder when 139742 is divided by 46311.
809
Calculate the remainder when 10036 is divided by 1355.
551
Calculate the remainder when 71820 is divided by 1089.
1035
What is the remainder when 10580 is divided by 652?
148
Calculate the remainder when 161516 is divided by 12401.
303
Calculate the remainder when 9575916 is divided by 409.
408
What is the remainder when 218106 is divided by 413?
42
What is the remainder when 3733 is divided by 1945?
1788
What is the remainder when 10776678 is divided by 42?
24
Calculate the remainder when 489958 is divided by 3426.
40
What is the remainder when 318000 is divided by 158858?
284
Calculate the remainder when 59495 is divided by 827.
778
What is the remainder when 638235 is divided by 229?
12
What is the remainder when 215803233 is divided by 71934407?
12
What is the remainder when 187617 is divided by 2653?
1907
What is the remainder when 30471687 is divided by 6094335?
12
Calculate the remainder when 449140 is divided by 401.
20
Calculate the remainder when 4824163 is divided by 693.
190
Calculate the remainder 